13, what is a3 - a?
96
In base 6, what is -1214 - 2?
-1220
In base 9, what is -274 - -3?
-271
In base 10, what is 13742 - 1?
13741
In base 6, what is 3 + -111?
-104
In base 9, what is 30 + 207?
237
In base 7, what is 0 + 1346?
1346
In base 6, what is -3 - 25205?
-25212
In base 5, what is 13 + -3?
10
In base 3, what is 2120202010 + 2?
2120202012
In base 14, what is -3 + 230?
22b
In base 11, what is 1103 - 2?
1101
In base 9, what is -2486 - -14?
-2472
In base 4, what is -222 - 112?
-1000
In base 10, what is 238 - 5?
233
In base 11, what is -32 + 376?
344
In base 12, what is -87 + 4?
-83
In base 8, what is -31 + 4?
-25
In base 11, what is 2a - -19?
48
In base 15, what is -5 + -35?
-3a
In base 11, what is 76 - -28?
a3
In base 9, what is -110 + 73?
-26
In base 6, what is 4542 - -3?
4545
In base 16, what is -2 - -1b5?
1b3
In base 13, what is -1372 - 3?
-1375
In base 14, what is -356 + 0?
-356
In base 4, what is 32112 + 0?
32112
In base 10, what is 5146 - -2?
5148
In base 13, what is 2 - a4?
-a2
In base 10, what is 1 - -100?
101
In base 2, what is -10000 - -1100?
-100
In base 11, what is 4 + 67?
70
In base 7, what is -2 + -213?
-215
In base 6, what is 4 + 34?
42
In base 16, what is -4 + -e?
-12
In base 13, what is 4 - 10a1?
-109a
In base 3, what is 112220 - -220?
120210
In base 15, what is 43 - d?
35
In base 12, what is 753 - -3?
756
In base 14, what is 24 + -a?
18
In base 16, what is -5 - aa0?
-aa5
In base 5, what is -2411 - -3?
-2403
In base 12, what is -8 + 38?
30
In base 7, what is -623 - -4?
-616
In base 12, what is 19 + 5a?
77
In base 14, what is -604 + 3?
-601
In base 4, what is 101 - 121?
-20
In base 5, what is -1 - -2?
1
In base 10, what is -3 - 146?
-149
In base 2, what is 10 - 1000111001?
-1000110111
In base 7, what is 431 - -21?
452
In base 5, what is -1 - 4320?
-4321
In base 10, what is -163 - 25?
-188
In base 7, what is -5210 + -5?
-5215
In base 8, what is 5 + 11?
16
In base 8, what is 26 + -1017?
-771
In base 12, what is 2 - 613?
-611
In base 10, what is -51 - 1?
-52
In base 9, what is 15080 + -4?
15075
In base 3, what is 1211 + -20?
1121
In base 5, what is 430 - -40?
1020
In base 2, what is 1000 + 1000011?
1001011
In base 10, what is -13 + -108?
-121
In base 12, what is 4 + 16?
1a
In base 9, what is -4 + 1?
-3
In base 4, what is -220 - 2?
-222
In base 11, what is 1962 + 3?
1965
In base 14, what is -2 + -163?
-165
In base 7, what is -3 - -5523?
5520
In base 14, what is -14 - -b?
-7
In base 5, what is -1 - -10002?
10001
In base 11, what is 9 + -686?
-678
In base 11, what is -35a3 + -3?
-35a6
In base 11, what is -18 + -7a?
-97
In base 15, what is 4 - a96?
-a92
In base 8, what is 100 - -236?
336
In base 6, what is -144 - 2?
-150
In base 12, what is 18 - -7?
23
In base 3, what is -2200 - -1?
-2122
In base 8, what is -1 + 4010?
4007
In base 15, what is 21 + 34?
55
In base 3, what is -1001 - -10?
-221
In base 10, what is 0 + 162?
162
In base 7, what is 3562 + 3?
3565
In base 2, what is -10011 + -1100111?
-1111010
In base 6, what is -43 + 142?
55
In base 12, what is -332 - 0?
-332
In base 15, what is ae - -8?
b7
In base 7, what is 156 + 26?
215
In base 10, what is -70 + -5?
-75
In base 3, what is 2 + -211?
-202
In base 9, what is 380 - -30?
420
In base 16, what is 0 - -1b?
1b
In base 13, what is -6 - -73b?
735
In base 6, what is 0 + -15004?
-15004
In base 16, what is -1a + 1f2?
1d8
In base 11, what is -6524 + -2?
-6526
In base 2, what is 101100111 + -10110?
101010001
In base 12, what is -13 + 52?
3b
In base 13, what is 4 + -5c3?
-5bc
In base 4, what is -2003 + -11?
-2020
In base 5, what is -1 - 3023?
-3024
In base 3, what is -2 + 201012?
201010
In base 3, what is 210 + 1?
211
In base 7, what is -2 - 2654?
-2656
In base 14, what is 4 - d1?
-cb
In base 10, what is -323 + 3?
-320
In base 13, what is 0 + 2672?
2672
In base 7, what is 64 + 3?
100
In base 5, what is 13 + -113?
-100
In base 8, what is 5 - 21?
-14
In base 16, what is e5 - -3?
e8
In base 13, what is -17 + 7?
-10
In base 6, what is -1 + 3333?
3332
In base 13, what is -1 - -12?
11
In base 5, what is 432 + 2?
434
In base 11, what is -4 - -34?
30
In base 4, what is 21 - -1013?
1100
In base 16, what is 0 + -150?
-150
In base 9, what is 0 - 1244?
-1244
In base 5, what is -2024 + 12?
-2012
In base 8, what is 452 - -2?
454
In base 14, what is 6413 + -5?
640c
In base 16, what is 3 + -1b5?
-1b2
In base 14, what is -8 - 1210?
-1218
In base 9, what is -2 - -53?
51
In base 13, what is -1 + 216c?
216b
In base 12, what is -15 - 4?
-19
In base 7, what is 11 - 6300?
-6256
In base 2, what is -1111 + -110?
-10101
In base 9, what is 4 + 30?
34
In base 3, what is -10202012 - 10?
-10202022
In base 13, what is 4512 + 5?
4517
In base 7, what is -44 - 1?
-45
In base 7, what is -3140 + -3?
-3143
In base 16, what is 33c - 0?
33c
In base 10, what is -4689 - -1?
-4688
In base 6, what is 222 + -330?
-104
In base 11, what is -16 + -15?
-30
In base 11, what is 3 + 106?
109
In base 15, what is -59 + 5?
-54
In base 5, what is -3 + -303?
-311
In base 9, what is 311 - -1?
312
In base 2, what is 110111101 + 100000?
111011101
In base 2, what is 100 + 1110110101?
1110111001
In base 7, what is 140 - -1?
141
In base 10, what is -227 + -1?
-228
In base 9, what is 0 + 2888?
2888
In base 15, what is 4 - 99?
-95
In base 16, what is -4 - -ef?
eb
In base 4, what is -2 + 12003?
12001
In base 15, what is 1 + -1d8?
-1d7
In base 8, what is -6213 + 1?
-6212
In base 9, what is 1 - -375?
376
In base 13, what is 2 - 189a?
-1898
In base 16, what is -5 - 1a?
-1f
In base 14, what is 9b1b + -3?
9b18
In base 8, what is -46 - -13?
-33
In base 6, what is 0 - -12425?
12425
In base 4, what is -120 + -12?
-132
In base 12, what is -238 - -1?
-237
In base 11, what is 20a - -5?
214
In base 16, what is 66 - -7?
6d
In base 7, what is 0 - 25?
-25
In base 9, what is 227 - -1?
228
In base 4, what is -3303 + 11?
-3232
In base 14, what is 0 + 27?
27
In base 8, what is 2 - -63?
65
In base 7, what is 12 + 53?
65
In base 5, what is 33103 - 4?
33044
In base 16, what is -5 - -5?
0
In base 15, what is -17b7 - 5?
-17bc
In base 13, what is 11 + 45?
56
In base 14, what is 90 - -2?
92
In base 7, what is -12051 + -5?
-12056
In base 3, what is 122221112 + -1?
122221111
In base 14, what is -40b - 10?
-41b
In base 6, what is 1310 + -5?
1301
In base 16, what is -c + -3f?
-4b
In base 10, what is 2020 - -5?
2025
In base 4, what is 11 + -221?
-210
In base 8, what is -4 - 56?
-62
In base 11, what is -4 + 23?
1a
In base 5, what is 12 + 114?
131
In base 8, what is 407 - 2?
405
In base 13, what is 56 - 97?
-41
In base 14, what is 2a7 - 3?
2a4
In base 7, what is -3 - 5305?
-5311
In base 10, what is -67 + 4?
-63
In base 5, what is -14 + -421?
-440
In base 11, what is 84 + 1?
85
In base 12, what is 1 + -610?
-60b
In base 7, what is -4 - -3134?
3130
In base 6, what is 4 + 131?
135
In base 8, what is 2215 + -2?
2213
In base 3, what is 11 + 211201?
211212
In base 14, what is -17 + -a?
-23
In base 9, what is 2 - 1225?
-1223
In base 10, what is 159 + 5?
164
In base 3, what is -1011 - -12?
-222
In base 5, what is 1 - -222?
223
In base 2, what is -10110 + 1101?
-1001
In base 2, what is -100110000001011 - -11?
-100110000001000
In base 12, what is 890 + 2?
892
In base 6, what is 1 - 134?
-133
In base 3, what is -1000 + 1112?
112
In base 7, what is -1413 - 43?
-1456
In base 5, what is -1 - 100?
-101
In base 6, what is 5 - -111?
120
In base 4, what is -10 - 320?
-330
In base 5, what is 31 - -310?
341
In base 11, what is -191 - 1?
-192
In base 10, what is -4180 - 2?
-4182
In base 16, what is -7 + a?
3
In base 3, what is -2 + -102221?
-110000
In base 5, what is 2343 - 10?
2333
In base 11, what is 4 - 53?
-4a
In base 15, what is 7e5 - -3?
7e8
In base 14, what is 24 + -47?
-23
In base 12, what is a - -1b?
29
In base 12, what is 5 - 1385?
-1380
In base 16, what is 1 + -1bf?
-1be
In base 14, what is 134 + -2?
132
In base 11, what is -1170 + 5?
-1166
In base 9, what is -4 + -2840?
-2844
In base 8, what is 456 + -1?
455
In base 13, what is -7 - -12?
8
In base 7, what is 210 - -3?
213
In base 3, what is 1011100 + 11?
1011111
In base 14, what is 16 + -6?
10
In base 14, what is 62 - -133?
195
In base 5, what is -31 + -242?
-323
In base 10, what is -1 + 732?
731
In base 11, what is -406 - -18?
-399
I